 is r(g)?
10
Let g(c) = -5*c**3 - 7*c**2 - 9*c + 5. Let k(x) = 6*x**3 + 7*x**2 + 10*x - 5. Let s(o) = 5*g(o) + 4*k(o). Let n be 1/((-15)/(-6)*1/(-15)). Give s(n).
-1
Let i(v) = v**2 - 6*v + 2. Let k(q) = q - 5 + 0 + 2. Let m be k(8). Suppose -12 = -3*a + 3*l, 0 = 2*a + a - m*l - 10. Calculate i(a).
-3
Let x(h) = -h**2 - 5*h - 2. Let b = 9 - 11. Let i be (-108)/(-28) + b/(-14). Suppose v = -i*t + t - 10, 4*v + 20 = -2*t. Calculate x(v).
2
Let g(o) = -3*o - 10. Suppose 7 = 2*w - 3*w - b, b - 17 = 2*w. What is g(w)?
14
Let v(s) be the first derivative of 2*s**2 - 2*s + 39. Give v(2).
6
Let u(y) = 15*y + 24. Let v(o) = 41*o + 70. Let k(g) = 11*u(g) - 4*v(g). Determine k(9).
-7
Let n = 1 - 1. Suppose -g - 2*g + 6 = 0. Let t(b) = -3 + 3 + 3*b - g*b. Give t(n).
0
Let c(l) = -14*l**3 - 2*l - 1. Let h(v) = v**3 + 3*v**2 - 5*v - 2. Let i be h(-4). Suppose -i*o = 3*o - 35. Suppose o = -5*z + 2. Determine c(z).
15
Let x = 734 - 740. Let h(t) = -8*t - 8. Calculate h(x).
40
Let m(a) = a - 21. Let l = -433 + 433. Determine m(l).
-21
Let o(r) be the second derivative of -r**4/12 - r**3/3 + 3*r**2/2 + r. Let h be ((60/10)/(-2))/1. Determine o(h).
0
Let n(a) = 5*a**3 - a**2 + 11*a + 7. Let u(w) = w**3 - 2*w**2 + w. Let c(q) = -n(q) + 4*u(q). Give c(-6).
-1
Let h(n) = n**2 + 4*n - 2. Suppose -3*v = -2*i - 76, 3*v + 3*i - 6*i - 75 = 0. Let l = v - 11. Suppose 3*z + 25 = -5*t, -3*t = -2*z + 7*z + l. Determine h(t).
3
Let v(z) be the second derivative of z**3/3 - 23*z**2/2 - 112*z + 1. Determine v(13).
3
Let o(h) = -h**2 + 7*h - 4. Let j = 938 - 930. What is o(j)?
-12
Let t(s) = -s**3 - 7*s**2 + 4*s - 24. Let v be t(-8). Let r(m) = -m**2 + 6*m + 9. Give r(v).
-7
Let b(a) = -a**2 + 7*a + 2. Let n(h) = -8*h - 11. Let i be n(-2). Suppose -40 + i = -5*s. What is b(s)?
2
Let l(k) = -34*k**3 - k**2 - k + 7. Let q(d) = d**3 - 1. Let g(n) = l(n) + 7*q(n). Give g(-1).
27
Suppose a + 2*a = 6. Let g(j) = j**3 + 0*j**3 + 3*j**2 - 2 - 17*j + 15*j + 0*j**2 - j**2. Give g(a).
10
Let n(a) be the first derivative of a**2/2 + 4*a - 5. Let r = 71 + -78. Give n(r).
-3
Suppose -2*r - 6 = -13*v + 9*v, -5*v = -5*r - 15. Let m(p) be the first derivative of p**2/2 - 2*p + 1. Calculate m(r).
-5
Let s(w) = -w + 5. Let x be s(5). Suppose x*z - z + q + 2 = 0, -2*z + 14 = -4*q. Let m be 8/(-24)*(z + 0). Let o(v) = 7*v**3 - 2*v**2 + 2*v - 1. What is o(m)?
6
Let o(m) = -19*m**2 - 23*m + 3. Let k(f) = 8*f**2 + 10*f - 1. Let r(t) = 7*k(t) + 3*o(t). Suppose 3*a = 3*q + 24, -a - 14 - 2 = 5*q. What is r(q)?
-18
Let k(w) = -5*w**2 - 25*w - 26. Let o(c) = c**2 + 5*c + 5. Let b = -40 - -42. Suppose 2*j = -4*z, 3*z - j + 2*j = b. Let m(g) = z*k(g) + 11*o(g). Give m(-3).
-3
Let s(j) be the first derivative of -j**5/10 - j**4/12 + j**3/3 - j**2/2 - 8*j + 16. Let a(f) be the first derivative of s(f). Give a(2).
-17
Let k(m) be the third derivative of m**6/60 - 7*m**5/60 + 5*m**4/24 - 2*m**3/3 + 325*m**2. Give k(4).
32
Let h(x) = -72*x - 61*x - 75*x + 187*x. Calculate h(1).
-21
Let x(u) = u + 1. Let i(m) = 4*m + 4. Let l(v) = -3*i(v) + 10*x(v). Let g = 48 - 51. Let z be g*3 + (2 - 0 - -1). Give l(z).
10
Let k(a) = 2*a**3 + a**2 - a. Let l be k(1). Let z(n) = -n**3 - 6*n**2 + n + 7. Let x be z(-6). Let t(d) = 0 - d - d**l - 1 + x + 1. Calculate t(0).
1
Suppose -5*c - 2*c + 11*c = 0. Let i(f) be the third derivative of 5*f**2 + 7/6*f**3 + 0*f + 0*f**5 - 1/120*f**6 - 1/24*f**4 + 0. Determine i(c).
7
Let q(p) = p**2 - 5*p + 2. Let s be q(6). Suppose 4*f - s*f = 28. Let h(a) = a**2 + 7*a. Determine h(f).
0
Let z(m) = -4*m**2 + m. Let o(n) = -n - 17. Let v be o(-19). Let f be 2 + -6 + (10/v - 0). Give z(f).
-3
Let d = 8 - 11. Let r be (24/(-36))/((-1)/3). Let x(o) = 32*o**2 + 3 - 53*o**2 + 25*o**r + o**3. What is x(d)?
12
Let o(n) be the second derivative of -n**4/12 - n**3/3 + 7*n**2/2 + 3*n. Give o(-5).
-8
Let j(a) = 741*a + 2 - 379*a + 6 - 369*a - 1. Determine j(8).
-49
Let i be (-18)/8 + 39/(-52). Let g(l) = -l**3 - 2*l**2 + 2*l + 3. Determine g(i).
6
Let p(y) = y**3 - y**2 - 2*y + 1. Let t(c) = -2*c. Let b be t(4). Let o = b + 32. Suppose -v + 4*l = -21, -l + o = 4*v - 5*l. Determine p(v).
-1
Suppose -4*j = -41 + 17. Let s(q) = q**2 + q - 7. Give s(j).
35
Let k(c) = -c**2 + c + 1. Let x(s) = -4*s. Let d(p) = -p. Let o(n) = -2*d(n) + x(n). Let z be o(-3). Suppose z*v - 3*v = t - 15, -4*t - 2*v = -4. Give k(t).
-5
Let x(z) = 2*z**2 - z + 1. Let n(t) = -t - 1. Let q be n(-5). Let k = -40 - -52. Suppose -c - 2*p = 4*c - 16, q*p = k. What is x(c)?
7
Let z(h) be the third derivative of h**9/60480 - h**8/3360 + h**7/1260 - h**6/720 + 3*h**5/20 - 3*h**2. Let m(g) be the third derivative of z(g). Give m(5).
-6
Let z be 5/(15/(-33)) - -2. Let x be z*((-20)/6)/5. Let h(s) = s**2 + 4*s - 3*s + 3 - 7*s. What is h(x)?
3
Let z(x) = -x**2 + 2*x. Suppose -4*g = 4 - 12. Let n be 52/39*(1 + g). Suppose -n*s = -9*s + 5. Give z(s).
1
Let i(r) = -r**3 + 8*r**2 - 5*r - 8. Let k(a) = a**2 + 10*a + 31. Let w be k(-4). Give i(w).
6
Let o(a) = a**2 - 4*a + 4. Let q be (3/(-2))/(9/84). Let i = -11 - q. Let d be o(i). Let v(u) = 3*u - 1. Calculate v(d).
2
Let d be 9 + (15 - 8) + -11. Let u(k) = k**3 - 4*k**2 - 2*k - 12. Calculate u(d).
3
Suppose -3*s = 3*d - 12, 4*d - 2*s - 27 = d. Let q be (-12)/(-1) - (-1 - -2). Let w(o) = -d*o + 3 - q*o - 10*o - 3*o**2 + 26*o. Calculate w(-3).
-18
Suppose 10 = -5*b - z - 23, 30 = -4*b - 2*z. Let n(x) = -x**2 - 9*x - 4. Give n(b).
14
Suppose 20*v + 113 - 33 = 0. Let r(m) = -3*m - 2. Determine r(v).
10
Let o be (-395)/(-45) + 4/18. Let g(m) = o*m - 11*m - m**2 + 7*m**2 + 3*m. Let q be g(-1). Let x(h) = -h**3 + 4*h**2 + 3*h + 7. Give x(q).
-3
Let n = 277 - 271. Let l(z) = -z**2 + 6*z - 4. Determine l(n).
-4
Let c(x) be the third derivative of x**6/120 + x**5/15 - x**4/8 + x**3/6 - 18*x**2. Calculate c(-5).
-9
Let y(t) be the second derivative of t**3/6 + t**2/2 - 34*t. Determine y(0).
1
Let d(q) = -q. Let m(a) be the third derivative of -7*a**6/120 + a**5/30 + a**4/4 - a**3/6 - 28*a**2. Let x(v) = 6*d(v) + m(v). Give x(-1).
8
Let y(j) be the first derivative of 5*j**4/24 + j**3/6 - 17*j**2/2 - 12. Let p(w) be the second derivative of y(w). Give p(-1).
-4
Let p(z) be the second derivative of z**3/6 - z**2/2 + 5*z. Let q = -89 + 88. Let y(t) = -5*t**2 - t + 2. Let s(k) = q*y(k) - 3*p(k). Determine s(1).
4
Let o = 3 - 2. Let p(j) be the first derivative of -2*j**3/3 - j**2/2 + 41. Calculate p(o).
-3
Suppose 0 = -5*p + 5*x + 35, 2*p - x = -4*x + 9. Let i(b) = -b**2 + 11*b. Let c(r) = -r. Let s(j) = 4*c(j) + i(j). What is s(p)?
6
Let o(h) = 2*h**3 - 2*h**2 - 3*h + 2. Let z = -34 - -33. Let t be -2 - -3 - -2*z/(-2). Determine o(t).
4
Suppose -2*m = -y + 4, 5*y - 3*y = -2*m + 14. Let a be 15/y*(-8)/(-10). Let p(g) = -1 + 4*g + g**2 + a*g**2 + 3*g**2 - 8*g**2. Give p(3).
-7
Suppose 3*u = -u - 12. Let w(d) = d**3 - 6*d**2 + 5*d - 4. Let z(j) = j**3 - 2*j**2 + j. Let r(k) = -w(k) + 2*z(k). Calculate r(u).
4
Let m be (-12)/(-30) - 36/(-10). Let x(z) be the first derivative of z**4/24 - 4*z**2 - 4. Let h(l) be the second derivative of x(l). Calculate h(m).
4
Let y(f) = -f**2 - 5*f + 2. Let c(n) = 6*n**2 + 28*n - 10. Let d(t) = -2*c(t) - 11*y(t). Let b(p) = p. Let x be b(-2). Give d(x).
-4
Let x(u) = 5*u**3 - 2*u**2 + u + 3. Let k(z) = -9*z**3 + 4*z**2 - 2*z - 5. Let b(o) = -6*k(o) - 11*x(o). Suppose 2*n + 258 = 3*n - 87*n. What is b(n)?
3
Let z(w) = -w**3 + 2*w**2 - 2*w + 3. Let y(d) = d**2 + 10*d - 6. Let a be y(-13). Suppose a = k + 30. Determine z(k).
-12
Suppose -4*h + 3 = -5. Let b(m) = 3 - h*m - 5 + 0 + 0. Calculate b(-5).
8
Let u(r) = -2*r**2 + 24*r + 13. Let n be u(13). Let s(o) = -2*o - 12. Give s(n).
14
Let t = -19 + 12. Let m(f) = -f**3 - 6*f**2 + 10*f + 1. Determine m(t).
-20
Let k(l) = -l + 2. Suppose -117 = -757*v + 770*v. Give k(v).
11
Suppose n + 4*n - 40 = 5*r, 2*r = 5*n - 31. Let q(u) = 0*u - 8*u + u**2 + 3*u + 3. Give q(n).
3
Suppose -6*k - 22 = 2. Let v be (-12 - 0)/k - -1. Let t(u) = -u**3 + 25*u**2 + 1 - 29*u**2 - 3 + v*u. What is t(-5)?
3
Let q(b) = -4*b - 13. Let h(k) = -4*k - 15. Let f(r) = -4*h(r) + 5*q(r). Determine f(-3).
7
Let v(g) = -g**3 - 12*g**2 + 3*g + 36. Let b be v(-12). Let n(q) = -q**3 - q + 41. What is n(b)?
41
Suppose 30 = -2*v + 7*v. Suppose p = r, -4*r + v + 8 = 3*p. Let